{"id":41,"date":"2021-05-03T11:38:17","date_gmt":"2021-05-03T09:38:17","guid":{"rendered":"http:\/\/192.168.0.4\/?page_id=41"},"modified":"2021-05-19T20:10:03","modified_gmt":"2021-05-19T20:10:03","slug":"media","status":"publish","type":"page","link":"https:\/\/smartgeneration.se\/?page_id=41","title":{"rendered":"Media"},"content":{"rendered":"\n<p>The founder of Smart Generation has due to her incredible drive been mention in Swedish media on several occasions. Down below you will find a selection of articles telling her story and her companies.<\/p>\n\n\n\n<div class=\"wp-block-media-text alignwide\" style=\"grid-template-columns:17% auto\"><figure class=\"wp-block-media-text__media\"><a href=\"https:\/\/driva-eget.se\/drivaeget\/digitalisering\/sofie-kallstrom-we-do-promotion-byggde-om-foretaget-under-corona\/\" target=\"_blank\" rel=\"noopener\"><img loading=\"lazy\" decoding=\"async\" width=\"1024\" height=\"682\" src=\"https:\/\/smartgeneration.se\/wp-content\/uploads\/2021\/05\/thumbnail_20210128_TRUST_Sofie4396_r1-1024x682.jpg\" alt=\"\" class=\"wp-image-185 size-thumbnail\" srcset=\"https:\/\/smartgeneration.se\/wp-content\/uploads\/2021\/05\/thumbnail_20210128_TRUST_Sofie4396_r1-1024x682.jpg 1024w, https:\/\/smartgeneration.se\/wp-content\/uploads\/2021\/05\/thumbnail_20210128_TRUST_Sofie4396_r1-300x200.jpg 300w, https:\/\/smartgeneration.se\/wp-content\/uploads\/2021\/05\/thumbnail_20210128_TRUST_Sofie4396_r1-768x512.jpg 768w, https:\/\/smartgeneration.se\/wp-content\/uploads\/2021\/05\/thumbnail_20210128_TRUST_Sofie4396_r1.jpg 1280w\" sizes=\"auto, (max-width: 1024px) 100vw, 1024px\" \/><\/a><\/figure><div class=\"wp-block-media-text__content\">\n<p class=\"has-small-font-size\">This is how our CEO Sofie K\u00e4llstr\u00f6m rebuilt the entire WDP during the corona pandemic<\/p>\n<\/div><\/div>\n\n\n\n<div class=\"wp-block-media-text alignwide is-stacked-on-mobile\" style=\"grid-template-columns:17% auto\"><figure class=\"wp-block-media-text__media\"><a href=\"https:\/\/www.breakit.se\/artikel\/26775\/hon-tar-miljardbranschen-in-i-framtiden-med-hjalp-av-kassaflodets-basta-van\" target=\"_blank\" rel=\"noopener\"><img loading=\"lazy\" decoding=\"async\" width=\"300\" height=\"200\" src=\"https:\/\/smartgeneration.se\/wp-content\/uploads\/2021\/05\/DSC00166-1024x683-1-300x200.jpg\" alt=\"\" class=\"wp-image-184 size-medium\" srcset=\"https:\/\/smartgeneration.se\/wp-content\/uploads\/2021\/05\/DSC00166-1024x683-1-300x200.jpg 300w, https:\/\/smartgeneration.se\/wp-content\/uploads\/2021\/05\/DSC00166-1024x683-1-768x512.jpg 768w, https:\/\/smartgeneration.se\/wp-content\/uploads\/2021\/05\/DSC00166-1024x683-1.jpg 1024w\" sizes=\"auto, (max-width: 300px) 100vw, 300px\" \/><\/a><\/figure><div class=\"wp-block-media-text__content\">\n<p class=\"has-small-font-size\">Interview with Sofie K\u00e4llstr\u00f6m in Breakit about merchandise and how the use of Capcitos innovative solutions has helped her run her companies.<\/p>\n<\/div><\/div>\n\n\n\n<div class=\"wp-block-media-text alignwide is-stacked-on-mobile\" style=\"grid-template-columns:17% auto\"><figure class=\"wp-block-media-text__media\"><a href=\"https:\/\/www.trustmagazine.se\/trustmagazine\/traditioner\" target=\"_blank\" rel=\"noopener\"><img loading=\"lazy\" decoding=\"async\" width=\"150\" height=\"150\" src=\"https:\/\/smartgeneration.se\/wp-content\/uploads\/2021\/05\/601bfa8be89141964bc19526_Sofie-150x150.jpg\" alt=\"\" class=\"wp-image-186 size-thumbnail\" srcset=\"https:\/\/smartgeneration.se\/wp-content\/uploads\/2021\/05\/601bfa8be89141964bc19526_Sofie-150x150.jpg 150w, https:\/\/smartgeneration.se\/wp-content\/uploads\/2021\/05\/601bfa8be89141964bc19526_Sofie-300x300.jpg 300w, https:\/\/smartgeneration.se\/wp-content\/uploads\/2021\/05\/601bfa8be89141964bc19526_Sofie.jpg 768w\" sizes=\"auto, (max-width: 150px) 100vw, 150px\" \/><\/a><\/figure><div class=\"wp-block-media-text__content\">\n<p class=\"has-small-font-size\">Interview in Trust Magazine with Sofie K\u00e4llstr\u00f6m about her journey and how she is challenging an&nbsp; industry with a digital vision for the future in a traditionally rooted company.<\/p>\n<\/div><\/div>\n\n\n\n<div class=\"wp-block-media-text alignwide is-stacked-on-mobile\" style=\"grid-template-columns:17% auto\"><figure class=\"wp-block-media-text__media\"><a href=\"https:\/\/www.pajobbetpodden.se\/avsnitt-73-sofie-kllstrm-riskkapital-och-att-hitta-rtt-investerare\/\" target=\"_blank\" rel=\"noopener\"><img loading=\"lazy\" decoding=\"async\" width=\"150\" height=\"150\" src=\"https:\/\/smartgeneration.se\/wp-content\/uploads\/2021\/05\/DSC03951-1024x683-1-150x150.jpg\" alt=\"\" class=\"wp-image-187 size-thumbnail\"\/><\/a><\/figure><div class=\"wp-block-media-text__content\">\n<p class=\"has-small-font-size\">Sofie K\u00e4llstr\u00f6m joins the Swedish podcast #P\u00e5jobbet to talk about building your own company, female leadership and the difficulties of finding investors.<\/p>\n<\/div><\/div>\n\n\n\n<div class=\"wp-block-media-text alignwide is-stacked-on-mobile\" style=\"grid-template-columns:17% auto\"><figure class=\"wp-block-media-text__media\"><a href=\"https:\/\/www.entreprenorden.se\/sommarinspiration-smart-generation-invest\/\" target=\"_blank\" rel=\"noopener\"><img loading=\"lazy\" decoding=\"async\" width=\"1024\" height=\"683\" src=\"https:\/\/smartgeneration.se\/wp-content\/uploads\/2021\/05\/DSC00219-1024x683-1.jpg\" alt=\"\" class=\"wp-image-192 size-full\" srcset=\"https:\/\/smartgeneration.se\/wp-content\/uploads\/2021\/05\/DSC00219-1024x683-1.jpg 1024w, https:\/\/smartgeneration.se\/wp-content\/uploads\/2021\/05\/DSC00219-1024x683-1-300x200.jpg 300w, https:\/\/smartgeneration.se\/wp-content\/uploads\/2021\/05\/DSC00219-1024x683-1-768x512.jpg 768w\" sizes=\"auto, (max-width: 1024px) 100vw, 1024px\" \/><\/a><\/figure><div class=\"wp-block-media-text__content\">\n<p class=\"has-small-font-size\">Sofie K\u00e4llstr\u00f6m is interviewed by the Swedish website entrepren\u00f6rden about her early entrepreneurial journey and how it lead her to start her own company, Smart Generation Invest.<\/p>\n<\/div><\/div>\n\n\n\n<div class=\"wp-block-media-text alignwide is-stacked-on-mobile\" style=\"grid-template-columns:17% auto\"><figure class=\"wp-block-media-text__media\"><a href=\"https:\/\/battregolf.se\/sponsrad\/misaren-blev-hennes-drivkraft-nu-leder-sofie-en-ny-generation-in-i-affarsvarlden\/\" target=\"_blank\" rel=\"noopener\"><img loading=\"lazy\" decoding=\"async\" width=\"1024\" height=\"558\" src=\"https:\/\/smartgeneration.se\/wp-content\/uploads\/2021\/05\/BG-Sofie-1024x558-1.png\" alt=\"\" class=\"wp-image-189 size-full\" srcset=\"https:\/\/smartgeneration.se\/wp-content\/uploads\/2021\/05\/BG-Sofie-1024x558-1.png 1024w, https:\/\/smartgeneration.se\/wp-content\/uploads\/2021\/05\/BG-Sofie-1024x558-1-300x163.png 300w, https:\/\/smartgeneration.se\/wp-content\/uploads\/2021\/05\/BG-Sofie-1024x558-1-768x419.png 768w\" sizes=\"auto, (max-width: 1024px) 100vw, 1024px\" \/><\/a><\/figure><div class=\"wp-block-media-text__content\">\n<p class=\"has-small-font-size\">Sofie K\u00e4llstr\u00f6m shares how her hardships in life turned into her motivation. Instead of letting it break her down it was the start of an incredible entrepreneurial journey rarely seen before.<\/p>\n<\/div><\/div>\n\n\n\n<div class=\"wp-block-media-text alignwide is-stacked-on-mobile\" style=\"grid-template-columns:17% auto\"><figure class=\"wp-block-media-text__media\"><a href=\"https:\/\/www.foretagarna.se\/foretagaren\/2018\/maj\/103-unga-ideer\/\" target=\"_blank\" rel=\"noopener\"><img loading=\"lazy\" decoding=\"async\" width=\"150\" height=\"150\" src=\"https:\/\/smartgeneration.se\/wp-content\/uploads\/2021\/05\/Ska\u0308rmavbild-2019-02-28-kl.-16.12.02-150x150-1.png\" alt=\"\" class=\"wp-image-188 size-full\"\/><\/a><\/figure><div class=\"wp-block-media-text__content\">\n<p class=\"has-small-font-size\">Sofie K\u00e4llstr\u00f6m was mentioned on the top list of the 103 young entrepreneurs of 2018 by the magazine F\u00f6retagarnas, with one of Swedens foremost business ideas.<\/p>\n<\/div><\/div>\n\n\n\n<p><\/p>\n","protected":false},"excerpt":{"rendered":"<p>The founder of Smart Generation has due to her incredible drive been mention in Swedish media on several occasions. Down below you will find a selection of articles telling her story and her companies. This is how our CEO Sofie K\u00e4llstr\u00f6m rebuilt the entire WDP during the corona pandemic Interview with Sofie K\u00e4llstr\u00f6m in Breakit<span class=\"dots\"> &hellip; <\/span><span class=\"link-more\"><a href=\"https:\/\/smartgeneration.se\/?page_id=41\" class=\"more-link\">Read more <span class=\"screen-reader-text\">&#8221;Media&#8221;<\/span><\/a><\/span><\/p>\n","protected":false},"author":2,"featured_media":0,"parent":7,"menu_order":1,"comment_status":"closed","ping_status":"closed","template":"","meta":{"footnotes":""},"class_list":["post-41","page","type-page","status-publish","hentry"],"_links":{"self":[{"href":"https:\/\/smartgeneration.se\/index.php?rest_route=\/wp\/v2\/pages\/41","targetHints":{"allow":["GET"]}}],"collection":[{"href":"https:\/\/smartgeneration.se\/index.php?rest_route=\/wp\/v2\/pages"}],"about":[{"href":"https:\/\/smartgeneration.se\/index.php?rest_route=\/wp\/v2\/types\/page"}],"author":[{"embeddable":true,"href":"https:\/\/smartgeneration.se\/index.php?rest_route=\/wp\/v2\/users\/2"}],"replies":[{"embeddable":true,"href":"https:\/\/smartgeneration.se\/index.php?rest_route=%2Fwp%2Fv2%2Fcomments&post=41"}],"version-history":[{"count":3,"href":"https:\/\/smartgeneration.se\/index.php?rest_route=\/wp\/v2\/pages\/41\/revisions"}],"predecessor-version":[{"id":245,"href":"https:\/\/smartgeneration.se\/index.php?rest_route=\/wp\/v2\/pages\/41\/revisions\/245"}],"up":[{"embeddable":true,"href":"https:\/\/smartgeneration.se\/index.php?rest_route=\/wp\/v2\/pages\/7"}],"wp:attachment":[{"href":"https:\/\/smartgeneration.se\/index.php?rest_route=%2Fwp%2Fv2%2Fmedia&parent=41"}],"curies":[{"name":"wp","href":"https:\/\/api.w.org\/{rel}","templated":true}]}}